{"id":117,"date":"2023-04-14T20:08:07","date_gmt":"2023-04-14T18:08:07","guid":{"rendered":"http:\/\/localhost\/Ozon-Sauerstoff\/?page_id=117"},"modified":"2025-11-06T17:00:25","modified_gmt":"2025-11-06T16:00:25","slug":"niederoesterreich","status":"publish","type":"page","link":"https:\/\/www.ozon-sauerstoff.at\/?page_id=117","title":{"rendered":"Nieder\u00f6sterreich"},"content":{"rendered":"<nav class=\"is-responsive items-justified-center wp-block-navigation is-content-justification-center is-layout-flex wp-container-core-navigation-is-layout-16018d1d wp-block-navigation-is-layout-flex\" aria-label=\"BundeslaenderAerzte\" \n\t\t data-wp-interactive=\"core\/navigation\" data-wp-context='{\"overlayOpenedBy\":{\"click\":false,\"hover\":false,\"focus\":false},\"type\":\"overlay\",\"roleAttribute\":\"\",\"ariaLabel\":\"Men\\u00fc\"}'><button aria-haspopup=\"dialog\" aria-label=\"Men\u00fc \u00f6ffnen\" class=\"wp-block-navigation__responsive-container-open\" \n\t\t\t\tdata-wp-on--click=\"actions.openMenuOnClick\"\n\t\t\t\tdata-wp-on--keydown=\"actions.handleMenuKeydown\"\n\t\t\t><svg width=\"24\" height=\"24\" xmlns=\"http:\/\/www.w3.org\/2000\/svg\" viewBox=\"0 0 24 24\" aria-hidden=\"true\" focusable=\"false\"><path d=\"M4 7.5h16v1.5H4z\"><\/path><path d=\"M4 15h16v1.5H4z\"><\/path><\/svg><\/button>\n\t\t\t\t<div class=\"wp-block-navigation__responsive-container\"  id=\"modal-1\" \n\t\t\t\tdata-wp-class--has-modal-open=\"state.isMenuOpen\"\n\t\t\t\tdata-wp-class--is-menu-open=\"state.isMenuOpen\"\n\t\t\t\tdata-wp-watch=\"callbacks.initMenu\"\n\t\t\t\tdata-wp-on--keydown=\"actions.handleMenuKeydown\"\n\t\t\t\tdata-wp-on--focusout=\"actions.handleMenuFocusout\"\n\t\t\t\ttabindex=\"-1\"\n\t\t\t>\n\t\t\t\t\t<div class=\"wp-block-navigation__responsive-close\" tabindex=\"-1\">\n\t\t\t\t\t\t<div class=\"wp-block-navigation__responsive-dialog\" \n\t\t\t\tdata-wp-bind--aria-modal=\"state.ariaModal\"\n\t\t\t\tdata-wp-bind--aria-label=\"state.ariaLabel\"\n\t\t\t\tdata-wp-bind--role=\"state.roleAttribute\"\n\t\t\t>\n\t\t\t\t\t\t\t<button aria-label=\"Men\u00fc schlie\u00dfen\" class=\"wp-block-navigation__responsive-container-close\" \n\t\t\t\tdata-wp-on--click=\"actions.closeMenuOnClick\"\n\t\t\t><svg xmlns=\"http:\/\/www.w3.org\/2000\/svg\" viewBox=\"0 0 24 24\" width=\"24\" height=\"24\" aria-hidden=\"true\" focusable=\"false\"><path d=\"m13.06 12 6.47-6.47-1.06-1.06L12 10.94 5.53 4.47 4.47 5.53 10.94 12l-6.47 6.47 1.06 1.06L12 13.06l6.47 6.47 1.06-1.06L13.06 12Z\"><\/path><\/svg><\/button>\n\t\t\t\t\t\t\t<div class=\"wp-block-navigation__responsive-container-content\" \n\t\t\t\tdata-wp-watch=\"callbacks.focusFirstElement\"\n\t\t\t id=\"modal-1-content\">\n\t\t\t\t\t\t\t\t<ul class=\"wp-block-navigation__container is-responsive items-justified-center wp-block-navigation\"><li class=\" wp-block-navigation-item wp-block-navigation-link\"><a class=\"wp-block-navigation-item__content\"  href=\"https:\/\/ozon-sauerstoff.at\/?page_id=125\"><span class=\"wp-block-navigation-item__label\">Burgenland<\/span><\/a><\/li><li class=\" wp-block-navigation-item wp-block-navigation-link\"><a class=\"wp-block-navigation-item__content\"  href=\"https:\/\/ozon-sauerstoff.at\/?page_id=123\"><span class=\"wp-block-navigation-item__label\">K\u00e4rnten<\/span><\/a><\/li><li class=\" wp-block-navigation-item wp-block-navigation-link\"><a class=\"wp-block-navigation-item__content\"  href=\"https:\/\/ozon-sauerstoff.at\/?page_id=117\"><span class=\"wp-block-navigation-item__label\">Nieder\u00f6sterreich<\/span><\/a><\/li><li class=\" wp-block-navigation-item wp-block-navigation-link\"><a class=\"wp-block-navigation-item__content\"  href=\"https:\/\/ozon-sauerstoff.at\/?page_id=118\"><span class=\"wp-block-navigation-item__label\">Ober\u00f6sterreich<\/span><\/a><\/li><li class=\" wp-block-navigation-item wp-block-navigation-link\"><a class=\"wp-block-navigation-item__content\"  href=\"https:\/\/ozon-sauerstoff.at\/?page_id=119\"><span class=\"wp-block-navigation-item__label\">Salzburg<\/span><\/a><\/li><li class=\" wp-block-navigation-item wp-block-navigation-link\"><a class=\"wp-block-navigation-item__content\"  href=\"https:\/\/ozon-sauerstoff.at\/?page_id=124\"><span class=\"wp-block-navigation-item__label\">Steiermark<\/span><\/a><\/li><li class=\" wp-block-navigation-item wp-block-navigation-link\"><a class=\"wp-block-navigation-item__content\"  href=\"https:\/\/ozon-sauerstoff.at\/?page_id=120\"><span class=\"wp-block-navigation-item__label\">Tirol<\/span><\/a><\/li><li class=\" wp-block-navigation-item wp-block-navigation-link\"><a class=\"wp-block-navigation-item__content\"  href=\"https:\/\/ozon-sauerstoff.at\/?page_id=121\"><span class=\"wp-block-navigation-item__label\">Vorarlberg<\/span><\/a><\/li><li class=\" wp-block-navigation-item wp-block-navigation-link\"><a class=\"wp-block-navigation-item__content\"  href=\"https:\/\/ozon-sauerstoff.at\/?page_id=185\"><span class=\"wp-block-navigation-item__label\">Wien<\/span><\/a><\/li><\/ul>\n\t\t\t\t\t\t\t<\/div>\n\t\t\t\t\t\t<\/div>\n\t\t\t\t\t<\/div>\n\t\t\t\t<\/div><\/nav>\n\n<div class=\"wp-block-image is-resized is-style-rounded\">\n<figure class=\"aligncenter size-full\"><img loading=\"lazy\" decoding=\"async\" width=\"707\" height=\"863\" src=\"https:\/\/ozon-sauerstoff.at\/wp-content\/uploads\/2023\/11\/Platzhalter.jpg\" alt=\"\" class=\"wp-image-565\" style=\"width:181px;height:auto\" srcset=\"https:\/\/www.ozon-sauerstoff.at\/wp-content\/uploads\/2023\/11\/Platzhalter.jpg 707w, https:\/\/www.ozon-sauerstoff.at\/wp-content\/uploads\/2023\/11\/Platzhalter-246x300.jpg 246w\" sizes=\"auto, (max-width: 707px) 100vw, 707px\" \/><\/figure>\n<\/div>\n\n\n<figure class=\"wp-block-table aligncenter\"><table><tbody><tr><td><strong>Dr.med. Theresia Forsthuber<\/strong>, Bahnhofstra\u00dfe 28, 2070 &#8211; Retz<br>\u00c4rztin f. Allgemeinmedizin und Naturheilverfahren. Ozon-Sauerstoff Therapie, Na-cl+Ozon Tropfinfusion<br>Tel. 02942-20580<\/td><\/tr><\/tbody><\/table><\/figure>\n\n\n<div class=\"wp-block-image is-resized is-style-rounded\">\n<figure class=\"aligncenter size-full\"><img loading=\"lazy\" decoding=\"async\" width=\"707\" height=\"863\" src=\"https:\/\/ozon-sauerstoff.at\/wp-content\/uploads\/2023\/11\/Platzhalter.jpg\" alt=\"\" class=\"wp-image-565\" style=\"width:181px;height:auto\" srcset=\"https:\/\/www.ozon-sauerstoff.at\/wp-content\/uploads\/2023\/11\/Platzhalter.jpg 707w, https:\/\/www.ozon-sauerstoff.at\/wp-content\/uploads\/2023\/11\/Platzhalter-246x300.jpg 246w\" sizes=\"auto, (max-width: 707px) 100vw, 707px\" \/><\/figure>\n<\/div>\n\n\n<figure class=\"wp-block-table aligncenter\"><table><tbody><tr><td><strong><strong>Dr. Linde Widmayer<\/strong><\/strong>, Kremser Str. 23, 2070 &#8211; Retz<br>Zahn\u00e4rztin<br>E-Mail: <strong><a href=\"mailto:lw@opex.co.at\" target=\"_blank\" rel=\"noreferrer noopener\">lw@apex.co.at<\/a><\/strong><br>Tel: 0676 3553000<\/td><\/tr><\/tbody><\/table><\/figure>\n\n\n<div class=\"wp-block-image is-resized is-style-rounded\">\n<figure class=\"aligncenter size-full\"><img loading=\"lazy\" decoding=\"async\" width=\"707\" height=\"863\" src=\"https:\/\/ozon-sauerstoff.at\/wp-content\/uploads\/2023\/11\/Platzhalter.jpg\" alt=\"\" class=\"wp-image-565\" style=\"width:181px;height:auto\" srcset=\"https:\/\/www.ozon-sauerstoff.at\/wp-content\/uploads\/2023\/11\/Platzhalter.jpg 707w, https:\/\/www.ozon-sauerstoff.at\/wp-content\/uploads\/2023\/11\/Platzhalter-246x300.jpg 246w\" sizes=\"auto, (max-width: 707px) 100vw, 707px\" \/><\/figure>\n<\/div>\n\n\n<figure class=\"wp-block-table aligncenter\"><table><tbody><tr><td><strong><strong><strong>Dr.med. Johannes Hickelsberger<\/strong><\/strong><\/strong>, Tuttenhofstr. 23, 2103 &#8211; Langentzersdorf<br>Arzt f. Allgemeinmedizin u. Ganzheitsmedizin. Ozon-Sauerstoff Therapie<br>Tel. 02244-5131<\/td><\/tr><\/tbody><\/table><\/figure>\n\n\n<div class=\"wp-block-image is-resized is-style-rounded\">\n<figure class=\"aligncenter size-full\"><img loading=\"lazy\" decoding=\"async\" width=\"707\" height=\"863\" src=\"https:\/\/ozon-sauerstoff.at\/wp-content\/uploads\/2023\/11\/Platzhalter.jpg\" alt=\"\" class=\"wp-image-565\" style=\"width:181px;height:auto\" srcset=\"https:\/\/www.ozon-sauerstoff.at\/wp-content\/uploads\/2023\/11\/Platzhalter.jpg 707w, https:\/\/www.ozon-sauerstoff.at\/wp-content\/uploads\/2023\/11\/Platzhalter-246x300.jpg 246w\" sizes=\"auto, (max-width: 707px) 100vw, 707px\" \/><\/figure>\n<\/div>\n\n\n<figure class=\"wp-block-table aligncenter\"><table><tbody><tr><td><strong>Dr.med. Georg Kostyrka<\/strong>, Dr. Weinbrennerstr. 33, 2103 &#8211; Langentzersdorf<br>Arzt f\u00fcr Allgemeinmedizin Facharzt f\u00fcr An\u00e4sthesiologie u. Intensivmedizin<br>E-Mail: <strong><a href=\"mailto:georg@kostyrka.at\" target=\"_blank\" rel=\"noreferrer noopener\">georg@kostyrka.at<\/a><\/strong><br>Tel: 0676 7091642<\/td><\/tr><\/tbody><\/table><\/figure>\n\n\n<div class=\"wp-block-image is-resized is-style-rounded\">\n<figure class=\"aligncenter size-full\"><img loading=\"lazy\" decoding=\"async\" width=\"707\" height=\"863\" src=\"https:\/\/ozon-sauerstoff.at\/wp-content\/uploads\/2023\/11\/Platzhalter.jpg\" alt=\"\" class=\"wp-image-565\" style=\"width:181px;height:auto\" srcset=\"https:\/\/www.ozon-sauerstoff.at\/wp-content\/uploads\/2023\/11\/Platzhalter.jpg 707w, https:\/\/www.ozon-sauerstoff.at\/wp-content\/uploads\/2023\/11\/Platzhalter-246x300.jpg 246w\" sizes=\"auto, (max-width: 707px) 100vw, 707px\" \/><\/figure>\n<\/div>\n\n\n<figure class=\"wp-block-table aligncenter\"><table><tbody><tr><td><strong><strong>MR Dr.med. Heinrich Pink<\/strong><\/strong>, Hans Kudlich Gasse 11 \/ 2, 2230 &#8211; G\u00e4nserndorf<br>Facharzt f\u00fcr Chirurgie, Sauerstoff-Ozontherapie, Na-cl + Ozon Tropfinfusion<br>E-Mail: <strong><a href=\"mailto:dhp@utanet.at\" target=\"_blank\" rel=\"noreferrer noopener\">dhp@utanet.at<\/a><\/strong><br>Homepage: <strong><a href=\"http:\/\/www.ozon-therapie.at\/\" target=\"_blank\" rel=\"noreferrer noopener\">www.ozon-therapie.at<\/a><\/strong><br>Tel. 02282 2991 Fax. 02282 61050<\/td><\/tr><\/tbody><\/table><\/figure>\n\n\n<div class=\"wp-block-image is-resized is-style-rounded\">\n<figure class=\"aligncenter size-full\"><img loading=\"lazy\" decoding=\"async\" width=\"707\" height=\"863\" src=\"https:\/\/ozon-sauerstoff.at\/wp-content\/uploads\/2023\/11\/Platzhalter.jpg\" alt=\"\" class=\"wp-image-565\" style=\"width:181px;height:auto\" srcset=\"https:\/\/www.ozon-sauerstoff.at\/wp-content\/uploads\/2023\/11\/Platzhalter.jpg 707w, https:\/\/www.ozon-sauerstoff.at\/wp-content\/uploads\/2023\/11\/Platzhalter-246x300.jpg 246w\" sizes=\"auto, (max-width: 707px) 100vw, 707px\" \/><\/figure>\n<\/div>\n\n\n<figure class=\"wp-block-table aligncenter\"><table><tbody><tr><td><strong><strong>MR. Dr.med. Bernhard Koller<\/strong><\/strong>, Sonneck 6, 2870 &#8211; Aspang<br>Arzt f. Allgemeinmedizin und Ganzheitsmedizin. Ozon-Sauerstoff Therapie, kombinierte Ozon-Haemolasertherapie, Na-cl+Ozon Tropfinfusion<br>Tel. 02642-52520<\/td><\/tr><\/tbody><\/table><\/figure>\n\n\n<div class=\"wp-block-image is-resized is-style-rounded\">\n<figure class=\"aligncenter size-full\"><img loading=\"lazy\" decoding=\"async\" width=\"707\" height=\"863\" src=\"https:\/\/ozon-sauerstoff.at\/wp-content\/uploads\/2023\/11\/Platzhalter.jpg\" alt=\"\" class=\"wp-image-565\" style=\"width:181px;height:auto\" srcset=\"https:\/\/www.ozon-sauerstoff.at\/wp-content\/uploads\/2023\/11\/Platzhalter.jpg 707w, https:\/\/www.ozon-sauerstoff.at\/wp-content\/uploads\/2023\/11\/Platzhalter-246x300.jpg 246w\" sizes=\"auto, (max-width: 707px) 100vw, 707px\" \/><\/figure>\n<\/div>\n\n\n<figure class=\"wp-block-table aligncenter\"><table><tbody><tr><td><strong><strong><strong>Dr.med. Bernhard Fellerer<\/strong><\/strong><\/strong>, Paul H\u00f6rbigerstrasse 3, 3140 &#8211; Pottenbrunn<br>Arzt f. Allgemeinmedizin Ozon-Sauerstoff Therapie, kombinierte Ozon-Haemolasertherapie<br>E-Mail: <strong><a href=\"mailto:ordi@fellerer.com\" target=\"_blank\" rel=\"noreferrer noopener\">ordi@fellerer.com<\/a><\/strong><br>Homepage: <strong><a href=\"http:\/\/www.fellerer.com\/\" target=\"_blank\" rel=\"noreferrer noopener\">www.fellerer.com<\/a><\/strong><br>Tel. +43 664 521 4004<\/td><\/tr><\/tbody><\/table><\/figure>\n\n\n<div class=\"wp-block-image is-resized is-style-rounded\">\n<figure class=\"aligncenter size-full\"><img loading=\"lazy\" decoding=\"async\" width=\"707\" height=\"863\" src=\"https:\/\/ozon-sauerstoff.at\/wp-content\/uploads\/2023\/11\/Platzhalter.jpg\" alt=\"\" class=\"wp-image-565\" style=\"width:181px;height:auto\" srcset=\"https:\/\/www.ozon-sauerstoff.at\/wp-content\/uploads\/2023\/11\/Platzhalter.jpg 707w, https:\/\/www.ozon-sauerstoff.at\/wp-content\/uploads\/2023\/11\/Platzhalter-246x300.jpg 246w\" sizes=\"auto, (max-width: 707px) 100vw, 707px\" \/><\/figure>\n<\/div>\n\n\n<figure class=\"wp-block-table aligncenter\"><table><tbody><tr><td><strong><strong><strong><strong><strong>Dr.med. J\u00fcrgen H\u00f6rhan<\/strong><\/strong><\/strong><\/strong><\/strong>, Leopold Figl-Platz 5, 3454 &#8211; Sitzenberg-Riedling<br>Wahlarzt f. Allgemeinmedizin u. Ganzheitsmedizin, Sauerstoff-Ozontherapie, Na-cl + Ozon Tropfinfusion<br>E-Mail: <strong><a href=\"mailto:jh@lebenskunst.at\" target=\"_blank\" rel=\"noreferrer noopener\">jh@lebenskunst.at<\/a><\/strong><br>Homepage: <strong><a href=\"http:\/\/www.lebenskunst.at\/\" target=\"_blank\" rel=\"noreferrer noopener\">www.lebenskunst.at<\/a><\/strong><br>Tel. 02276 21260 Fax. 02276 2126020<\/td><\/tr><\/tbody><\/table><\/figure>\n\n\n<div class=\"wp-block-image is-resized is-style-rounded\">\n<figure class=\"aligncenter size-full\"><img loading=\"lazy\" decoding=\"async\" width=\"707\" height=\"863\" src=\"https:\/\/ozon-sauerstoff.at\/wp-content\/uploads\/2023\/11\/Platzhalter.jpg\" alt=\"\" class=\"wp-image-565\" style=\"width:181px;height:auto\" srcset=\"https:\/\/www.ozon-sauerstoff.at\/wp-content\/uploads\/2023\/11\/Platzhalter.jpg 707w, https:\/\/www.ozon-sauerstoff.at\/wp-content\/uploads\/2023\/11\/Platzhalter-246x300.jpg 246w\" sizes=\"auto, (max-width: 707px) 100vw, 707px\" \/><\/figure>\n<\/div>\n\n\n<figure class=\"wp-block-table aligncenter\"><table><tbody><tr><td><strong><strong><strong><strong><strong>Dr.med. Kurt F. Kastner<\/strong><\/strong><\/strong><\/strong><\/strong>, Spitalgasse 1, 3804 &#8211; Allentsteig<br>Facharzt f. Innere Medizin Ozon-Sauerstoff Therapie, kombinierte Ozon-Haemolasertherapie<br>E-Mail: <strong><a href=\"mailto:ordination@drkastner.at\" target=\"_blank\" rel=\"noreferrer noopener\">ordination@drkastner.at<\/a><\/strong><br>Homepage: <strong><a href=\"http:\/\/www.drkastner.at\/\" target=\"_blank\" rel=\"noreferrer noopener\">www.drkastner.at<\/a><\/strong><br>Tel. 02824-2320<\/td><\/tr><\/tbody><\/table><\/figure>\n\n\n<div class=\"wp-block-image is-resized is-style-rounded\">\n<figure class=\"aligncenter size-full\"><img loading=\"lazy\" decoding=\"async\" width=\"707\" height=\"863\" src=\"https:\/\/ozon-sauerstoff.at\/wp-content\/uploads\/2023\/11\/Platzhalter.jpg\" alt=\"\" class=\"wp-image-565\" style=\"width:181px;height:auto\" srcset=\"https:\/\/www.ozon-sauerstoff.at\/wp-content\/uploads\/2023\/11\/Platzhalter.jpg 707w, https:\/\/www.ozon-sauerstoff.at\/wp-content\/uploads\/2023\/11\/Platzhalter-246x300.jpg 246w\" sizes=\"auto, (max-width: 707px) 100vw, 707px\" \/><\/figure>\n<\/div>\n\n\n<figure class=\"wp-block-table aligncenter\"><table><tbody><tr><td><strong>Dr.med. Sabine Lahnsteiner<\/strong>, Ardaggerstr. 55, 3300 &#8211; Amstetten<br>Facharzt f\u00fcr Allgemeinmedizin.<br>E-Mail: <a href=\"mailto:praxis@dr-nevzatsari.at\">sabine.lahnsteiner@medway.at<\/a><br>Homepage: <a href=\"https:\/\/www.sabine-lahnsteiner.at\/\">sabine-lahnsteiner.at<\/a><br>Tel.: +43 7472 28906<\/td><\/tr><\/tbody><\/table><\/figure>\n","protected":false},"excerpt":{"rendered":"<p>Dr.med. Theresia Forsthuber, Bahnhofstra\u00dfe 28, 2070 &#8211; Retz\u00c4rztin f. Allgemeinmedizin und Naturheilverfahren. Ozon-Sauerstoff Therapie, Na-cl+Ozon TropfinfusionTel. 02942-20580 Dr. Linde Widmayer, Kremser Str. 23, 2070 &#8211; RetzZahn\u00e4rztinE-Mail: lw@apex.co.atTel: 0676 3553000 Dr.med. Johannes Hickelsberger, Tuttenhofstr. 23, 2103 &#8211; LangentzersdorfArzt f. Allgemeinmedizin u. Ganzheitsmedizin. Ozon-Sauerstoff TherapieTel. 02244-5131 Dr.med. Georg Kostyrka, Dr. Weinbrennerstr. 33, 2103 &#8211; LangentzersdorfArzt f\u00fcr Allgemeinmedizin Facharzt f\u00fcr An\u00e4sthesiologie u. IntensivmedizinE-Mail: georg@kostyrka.atTel: 0676 7091642 MR Dr.med. Heinrich Pink, Hans Kudlich Gasse 11 \/ 2, 2230 &#8211; G\u00e4nserndorfFacharzt f\u00fcr Chirurgie, Sauerstoff-Ozontherapie, Na-cl + Ozon TropfinfusionE-Mail: dhp@utanet.atHomepage: www.ozon-therapie.atTel. 02282 2991 Fax. 02282 61050 MR. Dr.med. Bernhard Koller, Sonneck 6, 2870 &#8211; AspangArzt f. Allgemeinmedizin und Ganzheitsmedizin. Ozon-Sauerstoff Therapie, kombinierte Ozon-Haemolasertherapie, Na-cl+Ozon TropfinfusionTel. 02642-52520 Dr.med. Bernhard Fellerer, Paul H\u00f6rbigerstrasse 3, 3140 &#8211; PottenbrunnArzt f. Allgemeinmedizin Ozon-Sauerstoff Therapie, kombinierte Ozon-HaemolasertherapieE-Mail: ordi@fellerer.comHomepage: www.fellerer.comTel. +43 664 521 4004 Dr.med. J\u00fcrgen H\u00f6rhan, Leopold Figl-Platz 5, 3454 &#8211; Sitzenberg-RiedlingWahlarzt f. Allgemeinmedizin u. Ganzheitsmedizin, Sauerstoff-Ozontherapie, Na-cl + Ozon TropfinfusionE-Mail: jh@lebenskunst.atHomepage: www.lebenskunst.atTel. 02276 21260 Fax. 02276 2126020 Dr.med. Kurt F. Kastner, Spitalgasse 1, 3804 &#8211; AllentsteigFacharzt f. Innere Medizin Ozon-Sauerstoff Therapie, kombinierte Ozon-HaemolasertherapieE-Mail: ordination@drkastner.atHomepage: www.drkastner.atTel. 02824-2320 Dr.med. Sabine Lahnsteiner, Ardaggerstr. 55, 3300 &#8211; AmstettenFacharzt f\u00fcr Allgemeinmedizin.E-Mail: sabine.lahnsteiner@medway.atHomepage: sabine-lahnsteiner.atTel.: +43 7472 28906<\/p>\n","protected":false},"author":1,"featured_media":0,"parent":0,"menu_order":0,"comment_status":"closed","ping_status":"closed","template":"","meta":{"_bbp_topic_count":0,"_bbp_reply_count":0,"_bbp_total_topic_count":0,"_bbp_total_reply_count":0,"_bbp_voice_count":0,"_bbp_anonymous_reply_count":0,"_bbp_topic_count_hidden":0,"_bbp_reply_count_hidden":0,"_bbp_forum_subforum_count":0,"footnotes":""},"class_list":["post-117","page","type-page","status-publish","hentry"],"_links":{"self":[{"href":"https:\/\/www.ozon-sauerstoff.at\/index.php?rest_route=\/wp\/v2\/pages\/117","targetHints":{"allow":["GET"]}}],"collection":[{"href":"https:\/\/www.ozon-sauerstoff.at\/index.php?rest_route=\/wp\/v2\/pages"}],"about":[{"href":"https:\/\/www.ozon-sauerstoff.at\/index.php?rest_route=\/wp\/v2\/types\/page"}],"author":[{"embeddable":true,"href":"https:\/\/www.ozon-sauerstoff.at\/index.php?rest_route=\/wp\/v2\/users\/1"}],"replies":[{"embeddable":true,"href":"https:\/\/www.ozon-sauerstoff.at\/index.php?rest_route=%2Fwp%2Fv2%2Fcomments&post=117"}],"version-history":[{"count":10,"href":"https:\/\/www.ozon-sauerstoff.at\/index.php?rest_route=\/wp\/v2\/pages\/117\/revisions"}],"predecessor-version":[{"id":878,"href":"https:\/\/www.ozon-sauerstoff.at\/index.php?rest_route=\/wp\/v2\/pages\/117\/revisions\/878"}],"wp:attachment":[{"href":"https:\/\/www.ozon-sauerstoff.at\/index.php?rest_route=%2Fwp%2Fv2%2Fmedia&parent=117"}],"curies":[{"name":"wp","href":"https:\/\/api.w.org\/{rel}","templated":true}]}}