{"id":6,"date":"2023-04-14T19:09:45","date_gmt":"2023-04-14T17:09:45","guid":{"rendered":"http:\/\/localhost\/Ozon-Sauerstoff\/?page_id=6"},"modified":"2023-04-14T19:50:37","modified_gmt":"2023-04-14T17:50:37","slug":"medical-ozon","status":"publish","type":"page","link":"https:\/\/www.ozon-sauerstoff.at\/?page_id=6","title":{"rendered":"Medical Ozon"},"content":{"rendered":"\n<h3 class=\"has-text-align-center wp-block-heading\"><strong>Was ist medical Ozon<\/strong><\/h3>\n\n\n\n<p>Eine besondere Form des Sauerstoffes mit hoher Oxydationswirkung. Die Herstellung von Ozon f\u00fcr den medizinischen Einsatz erfolgt durch elektrische Entladungsenergie in einer Hochspannungsr\u00f6hre oder Entladungskammer, durch die Sauerstoff flie\u00dft. Bei diesem Vorgang wird je nach der gew\u00fcnschten Einstellung der Sauerstoff ozoniert, das hei\u00dft, ein geringer Teil von O<sub>2<\/sub>&nbsp;wird in O<sub>3<\/sub>&nbsp;umgewandelt.&nbsp;<\/p>\n\n\n\n<p>Den, durch diesen Vorgang ver\u00e4nderten Sauerstoff&nbsp;&nbsp;bezeichnen wir als&nbsp;&nbsp;&#8222;medical Ozon&#8220; dieses Element ist ein Energietr\u00e4ger, hat besondere Eigenschaften und gilt als hochwertiges Naturheilmittel -&#8222;medical Ozon\u201c&nbsp;&nbsp;muss unmittelbar vor der Anwendung hergestellt werden.<\/p>\n","protected":false},"excerpt":{"rendered":"<p>Was ist medical Ozon Eine besondere Form des Sauerstoffes mit hoher Oxydationswirkung. Die Herstellung von Ozon f\u00fcr den medizinischen Einsatz erfolgt durch elektrische Entladungsenergie in einer Hochspannungsr\u00f6hre oder Entladungskammer, durch die Sauerstoff flie\u00dft. Bei diesem Vorgang wird je nach der gew\u00fcnschten Einstellung der Sauerstoff ozoniert, das hei\u00dft, ein geringer Teil von O2&nbsp;wird in O3&nbsp;umgewandelt.&nbsp; Den, durch diesen Vorgang ver\u00e4nderten Sauerstoff&nbsp;&nbsp;bezeichnen wir als&nbsp;&nbsp;&#8222;medical Ozon&#8220; dieses Element ist ein Energietr\u00e4ger, hat besondere Eigenschaften und gilt als hochwertiges Naturheilmittel -&#8222;medical Ozon\u201c&nbsp;&nbsp;muss unmittelbar vor der Anwendung hergestellt werden.<\/p>\n","protected":false},"author":1,"featured_media":0,"parent":0,"menu_order":0,"comment_status":"closed","ping_status":"closed","template":"","meta":{"_bbp_topic_count":0,"_bbp_reply_count":0,"_bbp_total_topic_count":0,"_bbp_total_reply_count":0,"_bbp_voice_count":0,"_bbp_anonymous_reply_count":0,"_bbp_topic_count_hidden":0,"_bbp_reply_count_hidden":0,"_bbp_forum_subforum_count":0,"footnotes":""},"class_list":["post-6","page","type-page","status-publish","hentry"],"_links":{"self":[{"href":"https:\/\/www.ozon-sauerstoff.at\/index.php?rest_route=\/wp\/v2\/pages\/6","targetHints":{"allow":["GET"]}}],"collection":[{"href":"https:\/\/www.ozon-sauerstoff.at\/index.php?rest_route=\/wp\/v2\/pages"}],"about":[{"href":"https:\/\/www.ozon-sauerstoff.at\/index.php?rest_route=\/wp\/v2\/types\/page"}],"author":[{"embeddable":true,"href":"https:\/\/www.ozon-sauerstoff.at\/index.php?rest_route=\/wp\/v2\/users\/1"}],"replies":[{"embeddable":true,"href":"https:\/\/www.ozon-sauerstoff.at\/index.php?rest_route=%2Fwp%2Fv2%2Fcomments&post=6"}],"version-history":[{"count":3,"href":"https:\/\/www.ozon-sauerstoff.at\/index.php?rest_route=\/wp\/v2\/pages\/6\/revisions"}],"predecessor-version":[{"id":67,"href":"https:\/\/www.ozon-sauerstoff.at\/index.php?rest_route=\/wp\/v2\/pages\/6\/revisions\/67"}],"wp:attachment":[{"href":"https:\/\/www.ozon-sauerstoff.at\/index.php?rest_route=%2Fwp%2Fv2%2Fmedia&parent=6"}],"curies":[{"name":"wp","href":"https:\/\/api.w.org\/{rel}","templated":true}]}}